 Calculate z(o).
-8
Suppose -2*z - p = 3*z - 20, p + 4 = 3*z. Let u(q) = 2*q - 4*q**z + 0*q + 6*q**2 - 4*q + 5*q**3. Calculate u(-6).
12
Let u(l) = 4 - 18*l + 3 + 1 + 19*l. Let f be u(-4). Let o(x) be the first derivative of -x**2/2 + 4*x + 1. What is o(f)?
0
Let i be (-2)/(-3)*-1*-6. Let p(a) = 2*a - 3 + 4*a**2 + 2*a**3 + 1 + 0*a - 3*a**3. What is p(i)?
6
Let s(o) = -o**3 - 5*o**2 + 5 + 2*o + 0*o - o. Let l(n) = -6 + n + 4 - 1 + 2. Let k be l(-4). What is s(k)?
0
Suppose 3*x = 15, -x - 35 = -5*j - 5*x. Let a = j + -3. Let b(c) be the first derivative of c**2/2 + 2*c - 1. What is b(a)?
2
Let p = -3 + -1. Let l(w) = 9*w**3 + 10*w**2 + 14*w + 15. Let r(f) = 4*f**3 + 5*f**2 + 7*f + 7. Let u(g) = -3*l(g) + 7*r(g). Calculate u(p).
-8
Let d(h) = -h + 3. Let o(m) = 6 + 2*m - m - 5. Let s be o(-7). Give d(s).
9
Let r(d) = 7*d + 22. Let m be r(-3). Let k(y) = 5*y**3. Give k(m).
5
Let l(x) = -42*x - 36. Let w(h) = 8*h + 7. Let v(c) = 3*l(c) + 16*w(c). Determine v(-4).
-4
Let z(d) = 2*d - 3. Let f be (3 - 1) + (0 - 0). Let g be z(f). Suppose -r + 2*r + g = 0. Let j(n) = 8*n + 1. Determine j(r).
-7
Let q be ((-1 - 1) + -3)/(-1). Suppose 19 = -q*j + 2*d, 4*j - d = -2*d - 23. Let s(r) = r**3 + 5*r**2 - r - 1. Calculate s(j).
4
Let h(p) be the first derivative of p**3/3 + 7*p**2/2 - p - 8. Determine h(-7).
-1
Let t(f) = -5*f + 4 - 6*f**2 + 2 + 112*f**3 - 113*f**3. What is t(-5)?
6
Let n(v) = 4*v - 4. Suppose -2*q - 1 = 2*q + 3*r, 4*r = q - 14. Let k = 6 - q. Let u be 1/k + (-22)/(-8). Calculate n(u).
8
Let w(j) = -j - 5. Let m(d) = -d**3 - 3*d**2 - d - 4. Let b be m(-2). Calculate w(b).
1
Let s = 4 + 5. Suppose -y - y + 2*i = -2, -4*y + s = -3*i. Let r(n) = -n**3 + 5*n**2 + 6*n + 3. What is r(y)?
3
Let x = -18 - -11. Let d(k) = -k**2 - 6*k + 10. Let f be d(x). Let p(z) be the second derivative of z**4/12 - 2*z**3/3 + z**2 + z. Give p(f).
-1
Let m(r) be the first derivative of 1 + 1/3*r**3 + 2*r**2 - 1/2*r**4 - 3*r. What is m(2)?
-7
Let l(y) = -7 - 13 + 12 - 6*y. Give l(-6).
28
Let z(x) = -x**2 + 6*x - 1. Let y be 42/8 - 3/12. Suppose 4*v - y*a - 3 = 0, -3*a + 2 = 2*v - 5*a. Let u be 1 + 0 - (-8)/v. What is z(u)?
4
Let u(s) = -s**2 + 4*s - 7. Let x(c) = 2*c + 13. Let j be x(-4). Give u(j).
-12
Let x(r) = -r**2 - 2*r - 1. Suppose 6 = 3*f - 3. Let a = f - 5. Give x(a).
-1
Let k(x) = -x**2 - 5*x - 2. Let f be k(-3). Let a(r) = 0*r - f + r + 12 + 0*r. Calculate a(0).
8
Let i(a) be the third derivative of a**5/60 + a**4/8 - 7*a**3/6 - 3*a**2. Let y(j) = 2*j + 5. Let x be y(-5). Determine i(x).
3
Let v = -8 - -4. Let m be (-4)/(-1 + -2 - -1). Let j(p) = 2*p**3 - p**2 + 6*p**m + 4*p - p**3. Determine j(v).
0
Let q(i) be the first derivative of i**4/4 + 5*i**3/3 - 3*i**2 - i - 2. Let v be ((-8)/(-2))/((-22)/33). Give q(v).
-1
Let s(y) = 0*y + 0*y + 2 + 0*y - y. What is s(5)?
-3
Suppose d - 5*d = 24. Let y(r) = r**3 + 5*r**2 - 6*r - 2. Give y(d).
-2
Let j(c) be the third derivative of c**6/120 + c**5/60 + 4*c**3/3 - 3*c**2. Give j(0).
8
Let l = 8 - 8. Let r(h) = 11*h + 1 - 10*h + l. Calculate r(2).
3
Let p(i) = 4*i**2 + 2*i - 2. Suppose -m + 2 = 6. Let q(f) = -5*f**2 - f + 3. Let t(a) = m*p(a) - 3*q(a). What is t(-6)?
-7
Let t(p) = -2*p**2 + p + 10. Let x(i) = i**2 - i - 5. Let f(s) = 2*t(s) + 5*x(s). Determine f(4).
-1
Let h(w) = -10*w**2 - 5*w + 1. Let v(q) = -9*q**2 - 4*q + 1. Let j(b) = 4*h(b) - 5*v(b). Give j(-1).
4
Let i(h) = h**2 - 9*h + 6. Let s be i(9). Let m(b) = b. Determine m(s).
6
Let w(n) be the third derivative of n**7/5040 - n**6/120 - 7*n**5/60 + 6*n**2. Let d(m) be the third derivative of w(m). Determine d(0).
-6
Let p(i) = -2*i**2 + 7*i - 1 - 10*i**2 - 2*i - 3. Let m(o) = 12*o**2 - 6*o + 5. Let v(z) = 5*m(z) + 6*p(z). Give v(-1).
-11
Suppose f = -0 + 4. Let k(y) = -1 + 0*y - y**2 + 0*y - 6*y + f. Determine k(-6).
3
Let x(o) be the second derivative of -1/2*o**3 + 4*o**2 - 1/12*o**4 + 0 - o. Determine x(-6).
-10
Let r(b) = 8*b**3 + 7*b**2 - 5*b + 1. Let y(p) = -9*p**3 - 6*p**2 + 4*p - 1. Let j(o) = -5*r(o) - 6*y(o). Determine j(-1).
-13
Let c(h) = h**3 - 10*h**2 + h - 5. Let o = 112 + -102. Determine c(o).
5
Let y(z) = 6*z**3. Suppose 8*x = 11*x - 9. Suppose -x*h + 11 = b, -4*b + 5*b + 4*h - 15 = 0. Calculate y(b).
-6
Let z(l) = 4 - 3*l**3 + l + 2*l**3 - 6 - 5*l**2. Let m(h) = -8*h - 2*h**2 + 4*h**2 - 3*h**2 - 5 + 0*h. Let a be m(-8). Calculate z(a).
-7
Let d(s) be the second derivative of -2*s**3/3 - 3*s**2/2 + 4*s. Determine d(-2).
5
Let q(p) = -7*p + 1. Let n = -4 - 3. Suppose 3*j + 32 = -j. Let s = n - j. Determine q(s).
-6
Let r(m) be the third derivative of m**5/60 + m**4/8 + m**3/2 + 22*m**2 + 1. Give r(-2).
1
Suppose p - 14 = -3*c + 28, -16 = -c - p. Let f = -9 + c. Let z(y) = y**3 - 4*y**2 - y - 1. What is z(f)?
-5
Let q(n) = -n**3 + 3*n**2 + n - 1. Let o be q(3). Let m be (3/6)/(o/20). Let j(w) = -2*w + 3. Give j(m).
-7
Let u(k) = 7*k + 2. Let w = 76 + -79. Give u(w).
-19
Let o(r) = r + 0*r**3 + 3*r**3 - 139 + 140 - r**2. What is o(-1)?
-4
Let p(u) be the second derivative of -u**4/12 + u**2 + u. Let t = 308 + -308. What is p(t)?
2
Let i(d) be the first derivative of d**5/120 + 5*d**4/24 - 8*d**3/3 - 5. Let s(w) be the third derivative of i(w). Determine s(-6).
-1
Suppose -5*z - c = 32, -3*z + c = -4*z - 8. Let k(q) be the first derivative of -q**4/4 - 7*q**3/3 - 3*q**2 + 2*q - 2. What is k(z)?
2
Let y be ((-12)/(-27))/(8/36). Let b(s) = -s**3 + s**2 + 2*s. Calculate b(y).
0
Let b(l) = -l**3 + l**2 - l. Let u be b(0). Let j(a) = -a**2 - 1457*a - 1 + 1457*a. Give j(u).
-1
Suppose -4*h - 10 = 4*g + 22, 0 = -5*g + h - 10. Let t(b) = b - 4. Let j(z) = 3 - 1 - 4. Let d(f) = g*t(f) + 7*j(f). Calculate d(-3).
7
Let q(k) = -8 - 2 + 3*k - k. Give q(7).
4
Let q(f) be the third derivative of f**7/840 - f**6/90 + f**5/60 - f**4/8 + f**3 + 7*f**2. Let i(u) be the first derivative of q(u). What is i(4)?
5
Let x(t) be the third derivative of t**4/24 + 5*t**3/2 + t**2. Let f be x(-9). Let s(q) = -f + 5*q**2 + 2*q**3 + 1 + 0 - 3*q**3. What is s(5)?
-5
Suppose -3*l + 3*t = -27, 0 = -0*t + 2*t + 8. Suppose -10 = -l*b - 0*b. Let v(o) = o**2 + 4*o - 3. Calculate v(b).
9
Let i(w) = -w**3 - w**2 + w + 1. Let m be i(-1). Suppose f - 6 + 1 = m. Let x(y) = -y + 0 + 0. What is x(f)?
-5
Let o(r) be the second derivative of -r**3/2 - r. Suppose -8*f - 16 = -40. Give o(f).
-9
Let x(q) = 2*q**2 + q - 2. Suppose 1 = -h + 5. Suppose -h = 7*s - 5*s. What is x(s)?
4
Suppose -4*f = -5*n + 15, n - 3 = -0. Let c(d) = d + 7. What is c(f)?
7
Let i(o) = o + 2*o**2 + 0*o - o**2 + 2*o + 4. Suppose 2*s = -2*d - 6, -2*d + 3*s - 4*s = 6. Calculate i(d).
4
Let r(w) = 11*w**2 + 6*w + 3. Let y(f) = -f**2 - 6*f - 5. Let j be y(-5). Let v(i) = -3*i + j - 5*i**2 + 1 - 2. Let d(c) = 4*r(c) + 9*v(c). Calculate d(-5).
-7
Let f(r) = -r**3 + 6*r**2 - 5*r + 4. Let j be f(5). Let v(h) = 651*h - 323*h - 327*h. Determine v(j).
4
Let y = -1 + -2. Let k(q) = 2*q**2 + q**3 + 15451*q - 1 - 15451*q. Calculate k(y).
-10
Let n(u) = 3*u - 2. Let y be n(2). Suppose 4*p - p = -5*s - 17, y*s = 3*p + 8. Let c(j) = -8*j + 1. Give c(s).
9
Let y(d) = d**3 + 7*d**2 + 5*d. Let t(o) = -o**3 - o**2 - 6. Let s be t(0). Calculate y(s).
6
Let h(r) be the third derivative of 3*r**2 + 0 + 1/24*r**4 + 0*r**3 + 0*r. Give h(-1).
-1
Let z(l) = l**2 - 13*l + 2. Let v be z(13). Let r(c) = 14*c - 1. Give r(v).
27
Let b(j) be the first derivative of -j**4/4 - 5*j**3/3 - j**2/2 + 2*j + 1. Suppose 0 = -2*k - 5*g - 7, 3*k - 5*k - 57 = -5*g. Let x = 11 + k. Determine b(x).
7
Let i(b) = -43*b**3 + 46*b**3 + 3*b**2 + 1 - 4*b**2 + 0 - 3*b. Determine i(2).
15
Suppose -m + 24 = 4*x + x, x = m. Let c(o) = -m - o + 1 - o**2 + 3 + 1. What is c(2)?
-5
Let o(b) = -b**2 - b + 1. Let r = 0 + 2. Suppose 2*k - 4*k = 5*f - 19, 2*f + r*k = 10. Suppose 4*s + 8 = 3*g, -3*s - f*g - 9 = -3. Determine o(s).
-1
Let u(v) be the second derivative of -1/2*v**2 - v + 0 + 5/6*v**3. Let t be (-6)/(-4)*2/3. Give u(t).
4
Let l(d) = 2*d**2 + 5*d - 4. Suppose 4*t = 5*t - 2. Suppose -4*s = s - 3*v + 5, 2 = t*s - 2*v. What is l(s)?
8
Let a be 6/(-30) + 9/(-5). Let j(y) = y**2 + 3*y - 1. Give j(a).
-3
Let u(a) = -3*a**2 - 3*a - 3. Let l = -27 - -1. Let j = 24 + l. Determine u(j).
-9
Let n(s) = 2*s**3 - s - s**3 - 4 + 5*s**2 + 4*s. Give n(-4).
0
Let t(b) = 0 - 14*b 